{"id":2,"date":"2018-10-19T22:07:55","date_gmt":"2018-10-19T20:07:55","guid":{"rendered":"http:\/\/tk-ibach-wittenschwand.de\/index.php\/aktuelles-termine\/"},"modified":"2025-06-20T12:30:25","modified_gmt":"2025-06-20T10:30:25","slug":"aktuelles-termine","status":"publish","type":"page","link":"https:\/\/tk-ibach-wittenschwand.de\/index.php\/aktuelles-termine\/","title":{"rendered":"aktuelles\/Termine"},"content":{"rendered":"\n<p><\/p>\n\n\n\n<p class=\"has-text-align-center\"><strong>Sonntag, 22. Juni 2025<br><\/strong>Fr\u00fchschoppenkonzert am <br>Eulogi in Lenzkirch um 11 Uhr<\/p>\n\n\n\n<p class=\"has-text-align-center\"><strong>Sonntag, 29. Juni 2025<br><\/strong>Fr\u00fchschoppenkonzert am <br>Oberwihler Summer M\u00e4ttle Fescht um 11:30 Uhr<\/p>\n\n\n\n<p class=\"has-text-align-center\"><strong>Sonntag, 20. Juli 2025<br><\/strong>Kirchenpatrozinium in Ibach<\/p>\n\n\n\n<p class=\"has-text-align-center\"><strong>Freitag, 25. Juli 2025<\/strong><br>Heugei\u00dffest<\/p>\n\n\n\n<p class=\"has-text-align-center\"><em><strong>Freitag, 1. August 2025<\/strong><\/em><br><em>Ausweichtermin Heugei\u00dffest<\/em><\/p>\n\n\n\n<p class=\"has-text-align-center\"><strong>Sonntag, 17. August 2025<\/strong><br>Feuerwehrfest<\/p>\n\n\n\n<p class=\"has-text-align-center\"><strong>Sonntag, 16. November 2025<\/strong><br>Volkstrauertag in Ibach<\/p>\n\n\n\n<p class=\"has-text-align-center\"><strong>Samstag, 22. November 2025<\/strong><br>Jahreskonzert der Trachtenkapelle Ibach-Wittenschwand<br>in der Gemeindehalle Ibach<\/p>\n\n\n\n<p class=\"has-text-align-center\"><\/p>\n","protected":false},"excerpt":{"rendered":"<p>Sonntag, 22. Juni 2025Fr\u00fchschoppenkonzert am Eulogi in Lenzkirch um 11 Uhr Sonntag, 29. Juni 2025Fr\u00fchschoppenkonzert am Oberwihler Summer M\u00e4ttle Fescht um 11:30 Uhr Sonntag, 20. Juli 2025Kirchenpatrozinium in Ibach Freitag, 25. Juli 2025Heugei\u00dffest Freitag, 1. August 2025Ausweichtermin Heugei\u00dffest Sonntag, 17. August 2025Feuerwehrfest Sonntag, 16. November 2025Volkstrauertag in Ibach Samstag, 22. November 2025Jahreskonzert der Trachtenkapelle Ibach-Wittenschwandin [&hellip;]<\/p>\n","protected":false},"author":1,"featured_media":0,"parent":0,"menu_order":11,"comment_status":"closed","ping_status":"closed","template":"","meta":{"ocean_post_layout":"full-screen","ocean_both_sidebars_style":"","ocean_both_sidebars_content_width":0,"ocean_both_sidebars_sidebars_width":0,"ocean_sidebar":"0","ocean_second_sidebar":"0","ocean_disable_margins":"enable","ocean_add_body_class":"","ocean_shortcode_before_top_bar":"","ocean_shortcode_after_top_bar":"","ocean_shortcode_before_header":"","ocean_shortcode_after_header":"","ocean_has_shortcode":"","ocean_shortcode_after_title":"","ocean_shortcode_before_footer_widgets":"","ocean_shortcode_after_footer_widgets":"","ocean_shortcode_before_footer_bottom":"","ocean_shortcode_after_footer_bottom":"","ocean_display_top_bar":"default","ocean_display_header":"default","ocean_header_style":"","ocean_center_header_left_menu":"0","ocean_custom_header_template":"0","ocean_custom_logo":0,"ocean_custom_retina_logo":0,"ocean_custom_logo_max_width":0,"ocean_custom_logo_tablet_max_width":0,"ocean_custom_logo_mobile_max_width":0,"ocean_custom_logo_max_height":0,"ocean_custom_logo_tablet_max_height":0,"ocean_custom_logo_mobile_max_height":0,"ocean_header_custom_menu":"0","ocean_menu_typo_font_family":"0","ocean_menu_typo_font_subset":"","ocean_menu_typo_font_size":0,"ocean_menu_typo_font_size_tablet":0,"ocean_menu_typo_font_size_mobile":0,"ocean_menu_typo_font_size_unit":"px","ocean_menu_typo_font_weight":"","ocean_menu_typo_font_weight_tablet":"","ocean_menu_typo_font_weight_mobile":"","ocean_menu_typo_transform":"","ocean_menu_typo_transform_tablet":"","ocean_menu_typo_transform_mobile":"","ocean_menu_typo_line_height":0,"ocean_menu_typo_line_height_tablet":0,"ocean_menu_typo_line_height_mobile":0,"ocean_menu_typo_line_height_unit":"","ocean_menu_typo_spacing":0,"ocean_menu_typo_spacing_tablet":0,"ocean_menu_typo_spacing_mobile":0,"ocean_menu_typo_spacing_unit":"","ocean_menu_link_color":"","ocean_menu_link_color_hover":"","ocean_menu_link_color_active":"","ocean_menu_link_background":"","ocean_menu_link_hover_background":"","ocean_menu_link_active_background":"","ocean_menu_social_links_bg":"","ocean_menu_social_hover_links_bg":"","ocean_menu_social_links_color":"","ocean_menu_social_hover_links_color":"","ocean_disable_title":"default","ocean_disable_heading":"default","ocean_post_title":"","ocean_post_subheading":"","ocean_post_title_style":"","ocean_post_title_background_color":"","ocean_post_title_background":0,"ocean_post_title_bg_image_position":"","ocean_post_title_bg_image_attachment":"","ocean_post_title_bg_image_repeat":"","ocean_post_title_bg_image_size":"","ocean_post_title_height":0,"ocean_post_title_bg_overlay":0.5,"ocean_post_title_bg_overlay_color":"","ocean_disable_breadcrumbs":"default","ocean_breadcrumbs_color":"","ocean_breadcrumbs_separator_color":"","ocean_breadcrumbs_links_color":"","ocean_breadcrumbs_links_hover_color":"","ocean_display_footer_widgets":"default","ocean_display_footer_bottom":"default","ocean_custom_footer_template":"0","footnotes":""},"class_list":["post-2","page","type-page","status-publish","hentry","entry"],"_links":{"self":[{"href":"https:\/\/tk-ibach-wittenschwand.de\/index.php\/wp-json\/wp\/v2\/pages\/2","targetHints":{"allow":["GET"]}}],"collection":[{"href":"https:\/\/tk-ibach-wittenschwand.de\/index.php\/wp-json\/wp\/v2\/pages"}],"about":[{"href":"https:\/\/tk-ibach-wittenschwand.de\/index.php\/wp-json\/wp\/v2\/types\/page"}],"author":[{"embeddable":true,"href":"https:\/\/tk-ibach-wittenschwand.de\/index.php\/wp-json\/wp\/v2\/users\/1"}],"replies":[{"embeddable":true,"href":"https:\/\/tk-ibach-wittenschwand.de\/index.php\/wp-json\/wp\/v2\/comments?post=2"}],"version-history":[{"count":13,"href":"https:\/\/tk-ibach-wittenschwand.de\/index.php\/wp-json\/wp\/v2\/pages\/2\/revisions"}],"predecessor-version":[{"id":304,"href":"https:\/\/tk-ibach-wittenschwand.de\/index.php\/wp-json\/wp\/v2\/pages\/2\/revisions\/304"}],"wp:attachment":[{"href":"https:\/\/tk-ibach-wittenschwand.de\/index.php\/wp-json\/wp\/v2\/media?parent=2"}],"curies":[{"name":"wp","href":"https:\/\/api.w.org\/{rel}","templated":true}]}}

<p></p>



<p class="has-text-align-center"><strong>Sonntag, 22. Juni 2025<br></strong>Frühschoppenkonzert am <br>Eulogi in Lenzkirch um 11 Uhr</p>



<p class="has-text-align-center"><strong>Sonntag, 29. Juni 2025<br></strong>Frühschoppenkonzert am <br>Oberwihler Summer Mättle Fescht um 11:30 Uhr</p>



<p class="has-text-align-center"><strong>Sonntag, 20. Juli 2025<br></strong>Kirchenpatrozinium in Ibach</p>



<p class="has-text-align-center"><strong>Freitag, 25. Juli 2025</strong><br>Heugeißfest</p>



<p class="has-text-align-center"><em><strong>Freitag, 1. August 2025</strong></em><br><em>Ausweichtermin Heugeißfest</em></p>



<p class="has-text-align-center"><strong>Sonntag, 17. August 2025</strong><br>Feuerwehrfest</p>



<p class="has-text-align-center"><strong>Sonntag, 16. November 2025</strong><br>Volkstrauertag in Ibach</p>



<p class="has-text-align-center"><strong>Samstag, 22. November 2025</strong><br>Jahreskonzert der Trachtenkapelle Ibach-Wittenschwand<br>in der Gemeindehalle Ibach</p>



<p class="has-text-align-center"></p>

<p>Sonntag, 22. Juni 2025Frühschoppenkonzert am Eulogi in Lenzkirch um 11 Uhr Sonntag, 29. Juni 2025Frühschoppenkonzert am Oberwihler Summer Mättle Fescht um 11:30 Uhr Sonntag, 20. Juli 2025Kirchenpatrozinium in Ibach Freitag, 25. Juli 2025Heugeißfest Freitag, 1. August 2025Ausweichtermin Heugeißfest Sonntag, 17. August 2025Feuerwehrfest Sonntag, 16. November 2025Volkstrauertag in Ibach Samstag, 22. November 2025Jahreskonzert der Trachtenkapelle Ibach-Wittenschwandin [&hellip;]</p>
